the remainder when r is divided by i(-5).
13
Calculate the remainder when (2/(-2) - 0) + (-358)/(-2) is divided by 26.
22
Let z(c) = c**3 + 11*c**2 + 5*c - 9. Let j be z(-9). Let v = j - 65. Calculate the remainder when v is divided by 15.
13
Suppose 5*p + 12 = 2*h + p, 8 = h - 3*p. What is the remainder when 14 is divided by h/7 - 66/(-14)?
4
Let d = -11 + 15. Let u be (-45)/(-2) + d/(-8). Let c = u + -13. What is the remainder when 16 is divided by c?
7
Let k(q) = q**3 - 3*q**2 - 3*q + 5. What is the remainder when 24 is divided by k(4)?
6
Let v(w) = 5*w - 4. Let k(i) = -5*i + 3. Let o(h) = 6*k(h) + 5*v(h). What is the remainder when 36 is divided by o(-3)?
10
What is the remainder when (-13)/(-8) + (-78)/(-208) is divided by 2?
0
Suppose -2*w - 24 = -6*w. Let q(i) be the second derivative of i**4/12 - 2*i**3/3 - 4*i**2 + i. What is the remainder when 6 is divided by q(w)?
2
Let l = 5 - 3. Suppose -2*y + 20 = l*j, 3*y + j = 7 + 19. Suppose 0 = -4*s + 5*t + 35, -2*s - 5 = 4*t + t. Calculate the remainder when y is divided by s.
3
Suppose 136 = 4*k - 5*g, -187 = -5*k + 5*g - 3*g. What is the remainder when k is divided by 5?
4
Let n = -4 - -1. What is the remainder when ((-200)/(-24))/((-1)/n) is divided by 7?
4
Let p(a) = -5*a - 11. Suppose 5*z = -n + 25, 0 = z - n - 2 + 3. What is the remainder when p(-8) is divided by (-24)/2*(-5)/z?
14
Let m(j) = -j**2 + 9*j + 3. What is the remainder when 50 is divided by m(7)?
16
Suppose 171 = 11*w - 2*w. Suppose 3*x = -2*x + 185. What is the remainder when x is divided by w?
18
Suppose -2*n = -3*j + 27, 0*j + 2 = 2*j + 4*n. Let o(s) = 3*s + 6. Calculate the remainder when o(j) is divided by 14.
13
Let m(v) = 3*v + 12. Let o(z) = z + 4. Let i(w) = 2*m(w) - 7*o(w). Let f be i(-4). Suppose -15 = -s - f*s. Calculate the remainder when 28 is divided by s.
13
Suppose 0 = i + 5 + 10. Suppose 4*v + 16 - 120 = 4*x, -4*v + 3*x = -103. Calculate the remainder when v is divided by (-9)/i - 32/(-5).
4
Suppose 5*n = n + 2*g + 62, 4*n - 5*g = 47. What is the remainder when 30 is divided by n?
12
Let i be (-33)/(-4) + (-1)/4. Let f(o) = o**3 - 4*o**2 - 5*o + 5. Calculate the remainder when f(5) is divided by 3/(-2)*i/(-6).
1
Let u(m) = -2*m + 27. Calculate the remainder when 142 is divided by u(7).
12
Let t be 1326/(-15)*(-2 + -8). What is the remainder when (-1)/4 - t/(-16) is divided by 19?
17
Suppose -b = -6 - 14. Calculate the remainder when b is divided by 4/14 + (-47)/(-7).
6
Let w = -23 - -27. Let d be -1*3*20/(-15). Suppose -d*n - 5*k + 1 = -14, 5*n = 4*k + 70. What is the remainder when n is divided by w?
2
Let b(a) = 3*a**2 + 7*a - 2. What is the remainder when b(-5) is divided by 14?
10
Let r = 27 - -2. Suppose -5*g + 144 - r = 0. Calculate the remainder when g is divided by 12.
11
Let d = -30 + 71. What is the remainder when d is divided by (-23 + 1)*24/(-48)?
8
Let y = 6 - 10. Calculate the remainder when 38 is divided by -10*(2/1 + y).
18
Suppose 11*x - 77 = 4*x. What is the remainder when 41 is divided by x?
8
Suppose -3*i + 285 = 99. What is the remainder when i is divided by 9?
8
Suppose 4*y - p = 62, -3*y - 5*p + 8 = -27. Let m = y - -11. What is the remainder when m is divided by 7?
5
Let i(f) = f**3 + 7*f**2 + 4*f. Let v be i(-6). Let y = v - -5. Let x = 120 + -87. What is the remainder when x is divided by y?
16
Let h(j) = -j**2 - 7*j + 2. Suppose -6*u = -4*f - 2*u + 132, -f = u - 23. What is the remainder when f is divided by h(-6)?
4
Let w = -22 - -53. Let g be -6 - 0*2/(-4). What is the remainder when w is divided by (4/g)/(6/(-99))?
9
Let c = 4 - 4. Suppose -4*l = -c*l - 104. Suppose 45 = o + 4*o. Calculate the remainder when l is divided by o.
8
Let v(q) = -q - 8. Let w be v(-11). Calculate the remainder when 11 is divided by w/(-30)*-12*5.
5
Let d be 22*(-2)/(-8)*-12. Let m = d - -94. What is the remainder when m is divided by (0 - -8) + (-8)/(-4)?
8
Suppose 0*q + 46 = q. Let o = q + -9. Calculate the remainder when o is divided by 13.
11
Let z be (-5 - -19)*(-14)/(-2). Suppose -z = -4*w + 2*y, -w - 2*w = -3*y - 66. What is the remainder when 107 is divided by w?
26
Suppose 0 = -4*g + 18 - 2. Suppose -9 = g*d - 7*d. What is the remainder when 9 is divided by d?
0
Suppose 2*c + c = -15. Let o = c + 6. Calculate the remainder when 3 is divided by o.
0
Let z = -138 + 156. What is the remainder when z is divided by 12?
6
Suppose -3*u + 52 = 4*p, -3*p + 2*p - 29 = -u. Calculate the remainder when u is divided by 9.
6
Let v(z) = z**2 + z - 1. Let l(g) = -g**3 - 11*g**2 - 10*g + 7. Let m(j) = -l(j) - 6*v(j). What is the remainder when 19 is divided by m(-3)?
4
Suppose 3*o - 3*t - 27 = 0, -29 = -3*o - 0*o + 5*t. Suppose 18*q - 94 + 40 = 0. What is the remainder when o is divided by q?
2
Let j = -51 + 55. What is the remainder when 9 is divided by j?
1
Suppose 94 = 5*i + 24. What is the remainder when 37 is divided by i?
9
Let w(g) = g**3 - 4*g**2 + 2*g - 12. Let v be 8 + 4/(-2) + -1. What is the remainder when w(v) is divided by 1 - -6 - 1/(-1)?
7
Suppose 240 = 2*f + 5*l, -f = -l - 2*l - 120. Suppose 12 + 12 = b + 4*x, 5*b = 4*x + f. Calculate the remainder when b is divided by 13.
11
Let j = -31 + 22. Let f = j + 12. What is the remainder when 4 is divided by f?
1
Let t(x) = x - 8. Let i(z) = -z + 8. Let h(u) = -2*i(u) - 3*t(u). Let m be h(6). Suppose 0 = 4*f - m*f - 16. Calculate the remainder when 15 is divided by f.
7
Let z = -16 - -31. Calculate the remainder when 57 is divided by z.
12
Suppose -5*o + o + 20 = 0. Let r(q) = 2*q - 1. Let j = 46 - 29. What is the remainder when j is divided by r(o)?
8
Let y be (12/18)/(1/(-15)). Calculate the remainder when -15*(3 - y/(-3)) is divided by 4.
1
Suppose -5*a = 25, 4*x + 2*a + a = 433. Suppose -14*l = -16*l + x. Calculate the remainder when l is divided by 29.
27
Suppose -2*x + 0 + 10 = 0. Let u be (-2 - 0) + 3 - 29. Calculate the remainder when x is divided by (u/21)/(2/(-3)).
1
Suppose a - 63 = -15. What is the remainder when a is divided by 10?
8
Let y = 94 + -80. Calculate the remainder when y is divided by 9.
5
Suppose 11*c - 6*c - 302 = -4*n, 5*n = 2*c - 134. What is the remainder when c is divided by 7?
6
Let u(f) be the first derivative of 17*f**2/2 - 4*f - 8. Calculate the remainder when u(2) is divided by 126/8 - 1/(-4).
14
Suppose -5 = 5*n - 0. Let y(f) = -13*f - 1. Calculate the remainder when 23 is divided by y(n).
11
What is the remainder when 22 is divided by (2 - (-5 - -3))/(4/8)?
6
Suppose -3*p = -5*p - 18. Let j = p + 12. Suppose j*g + 171 = 4*x, 0*x = -5*x + g + 222. What is the remainder when x is divided by 16?
13
Let j = 5 + -2. Suppose -u + 4*x - 8 = 0, 5*u + j*x + 0*x - 29 = 0. What is the remainder when 11 is divided by u?
3
Let p(g) = -9*g - 24. What is the remainder when p(-10) is divided by 23?
20
Let x(t) = -4*t + 1. Let m(b) = 6*b - 1. Let p be m(2). Suppose -w - p = y + 3*y, -4*y - 41 = -5*w. What is the remainder when 32 is divided by x(y)?
15
Let a = 80 - 35. Calculate the remainder when a is divided by 24.
21
Suppose -u = 3, v + 3*u = 5*u + 13. Calculate the remainder when 34 is divided by v.
6
Let o(j) = -j**3 + 15*j**2 - 14*j + 7. Let g be 128/(-6) + 4/(-6). Let x = g + 35. Calculate the remainder when x is divided by o(14).
6
Suppose b - 3 = 1. What is the remainder when 9 is divided by b?
1
Let k(q) = 22*q**2 + q - 2. Calculate the remainder when k(1) is divided by 8.
5
Let l = 18 - 11. Let r(s) = s**3 - 6*s**2 - 7*s + 4. Let t be r(l). Suppose 45 = t*d - 55. What is the remainder when d is divided by 13?
12
Suppose 0 = 4*g - 4*j - 8 - 0, 2*g + 3*j = -11. Let a be (-324)/42 + 2/(-7). Calculate the remainder when 14 is divided by a/g + 0/6.
6
Suppose 0*r = -4*r + 136. What is the remainder when r is divided by 12?
10
Let j(l) = -6*l**2 + 2*l - 4. Let q be j(3). Let c = -18 - q. Calculate the remainder when c is divided by 9.
7
Let y(l) = l**3 - 8*l**2 + 3*l - 6. Let q be y(8). Let w = -11 + q. What is the remainder when 20 is divided by w?
6
Suppose -10 = y + 3*h - 29, 2*y + h = 23. Suppose 2*j - 21 = 5*o + 30, j + 4*o - 6 = 0. What is the remainder when j is divided by y?
8
Suppose -3*q + 18 = -0*q. Let a = 30 + -13. Calculate the remainder when a is divided by q.
5
Let d = 12 + -9. Suppose -d*v = 3*l - 63, 2